{"id":122,"date":"2024-05-10T12:04:57","date_gmt":"2024-05-10T10:04:57","guid":{"rendered":"https:\/\/eos-connect.fr\/?page_id=122"},"modified":"2024-05-12T17:07:34","modified_gmt":"2024-05-12T15:07:34","slug":"notre-equipe","status":"publish","type":"page","link":"https:\/\/eos-connect.fr\/index.php\/notre-equipe\/","title":{"rendered":"Notre \u00c9quipe"},"content":{"rendered":"\n<p>La technicit\u00e9 et les comp\u00e9tences des nos intervenants est importante, mais leurs engagement en mati\u00e8re de s\u00e9curit\u00e9 est primordiale.<\/p>\n\n\n\n<p>Nous nous engageons a former 100% de notre effectif:<\/p>\n\n\n\n<ul class=\"wp-block-list\">\n<li>Sauveteur Secouriste du Travail (SST)<\/li>\n\n\n\n<li>Manipulation d&rsquo;extincteurs<\/li>\n\n\n\n<li>Gestes et postures<\/li>\n<\/ul>\n\n\n\n<p>Nos intervenants ont les habilitations et formations sp\u00e9cifiques suivantes :<\/p>\n\n\n\n<ul class=\"wp-block-list\">\n<li>\u00c9lectrique B1\/B2\/BC\/BR\/BT\/H2V<\/li>\n\n\n\n<li>Formation \u00e0 la s\u00e9curit\u00e9 des personnels des entreprises ext\u00e9rieures N1 (RC1) <\/li>\n\n\n\n<li>Formation \u00e0 la s\u00e9curit\u00e9 des personnels des entreprises ext\u00e9rieures N2 (RC2)<\/li>\n\n\n\n<li>Habilitation travail en hauteur (port du harnais) <\/li>\n\n\n\n<li>CASES PEMP<\/li>\n<\/ul>\n\n\n\n<p><\/p>\n\n\n\n<div id=\"wp-block-themeisle-blocks-slider-88864a17\" class=\"wp-block-themeisle-blocks-slider glide\" data-per-view=\"1\" data-gap=\"0\" data-peek=\"0\" data-autoplay=\"true\" data-height=\"40%\" data-hide-arrows=\"false\" data-transition=\"ease-in\"><div class=\"glide__track\" data-glide-el=\"track\"><div class=\"glide__slides\"><div class=\"wp-block-themeisle-blocks-slider-item-wrapper glide__slide\" tabindex=\"0\"><figure><img decoding=\"async\" class=\"wp-block-themeisle-blocks-slider-item\" src=\"http:\/\/eos-connect.fr\/wp-content\/uploads\/2024\/05\/20221007_094621-scaled.jpg\" alt=\"\" title=\"\" data-id=\"126\"\/><\/figure><\/div><div class=\"wp-block-themeisle-blocks-slider-item-wrapper glide__slide\" tabindex=\"0\"><figure><img decoding=\"async\" class=\"wp-block-themeisle-blocks-slider-item\" src=\"http:\/\/eos-connect.fr\/wp-content\/uploads\/2024\/05\/20240419_143650-1-scaled.jpg\" alt=\"\" title=\"\" data-id=\"128\"\/><\/figure><\/div><div class=\"wp-block-themeisle-blocks-slider-item-wrapper glide__slide\" tabindex=\"0\"><figure><img decoding=\"async\" class=\"wp-block-themeisle-blocks-slider-item\" src=\"http:\/\/eos-connect.fr\/wp-content\/uploads\/2024\/05\/20240311_113955-scaled.jpg\" alt=\"\" title=\"\" data-id=\"130\"\/><\/figure><\/div><\/div><div class=\"glide__bullets\" data-glide-el=\"controls[nav]\"><button class=\"glide__bullet\" data-glide-dir=\"=0\"><\/button><button class=\"glide__bullet\" data-glide-dir=\"=1\"><\/button><button class=\"glide__bullet\" data-glide-dir=\"=2\"><\/button><\/div><\/div><\/div>\n","protected":false},"excerpt":{"rendered":"<p>La technicit\u00e9 et les comp\u00e9tences des nos intervenants est importante, mais leurs engagement en mati\u00e8re de s\u00e9curit\u00e9 est primordiale. Nous nous engageons a former 100% de notre effectif: Nos intervenants ont les habilitations et formations sp\u00e9cifiques suivantes :<\/p>\n","protected":false},"author":1,"featured_media":0,"parent":0,"menu_order":0,"comment_status":"closed","ping_status":"closed","template":"","meta":{"_themeisle_gutenberg_block_has_review":false,"footnotes":""},"class_list":["post-122","page","type-page","status-publish","hentry"],"_links":{"self":[{"href":"https:\/\/eos-connect.fr\/index.php\/wp-json\/wp\/v2\/pages\/122","targetHints":{"allow":["GET"]}}],"collection":[{"href":"https:\/\/eos-connect.fr\/index.php\/wp-json\/wp\/v2\/pages"}],"about":[{"href":"https:\/\/eos-connect.fr\/index.php\/wp-json\/wp\/v2\/types\/page"}],"author":[{"embeddable":true,"href":"https:\/\/eos-connect.fr\/index.php\/wp-json\/wp\/v2\/users\/1"}],"replies":[{"embeddable":true,"href":"https:\/\/eos-connect.fr\/index.php\/wp-json\/wp\/v2\/comments?post=122"}],"version-history":[{"count":9,"href":"https:\/\/eos-connect.fr\/index.php\/wp-json\/wp\/v2\/pages\/122\/revisions"}],"predecessor-version":[{"id":228,"href":"https:\/\/eos-connect.fr\/index.php\/wp-json\/wp\/v2\/pages\/122\/revisions\/228"}],"wp:attachment":[{"href":"https:\/\/eos-connect.fr\/index.php\/wp-json\/wp\/v2\/media?parent=122"}],"curies":[{"name":"wp","href":"https:\/\/api.w.org\/{rel}","templated":true}]}}

Notre Équipe

<p>La technicité et les compétences des nos intervenants est importante, mais leurs engagement en matière de sécurité est primordiale.</p>



<p>Nous nous engageons a former 100% de notre effectif:</p>



<ul class="wp-block-list">
<li>Sauveteur Secouriste du Travail (SST)</li>



<li>Manipulation d&rsquo;extincteurs</li>



<li>Gestes et postures</li>
</ul>



<p>Nos intervenants ont les habilitations et formations spécifiques suivantes :</p>



<ul class="wp-block-list">
<li>Électrique B1/B2/BC/BR/BT/H2V</li>



<li>Formation à la sécurité des personnels des entreprises extérieures N1 (RC1) </li>



<li>Formation à la sécurité des personnels des entreprises extérieures N2 (RC2)</li>



<li>Habilitation travail en hauteur (port du harnais) </li>



<li>CASES PEMP</li>
</ul>



<p></p>



<div id="wp-block-themeisle-blocks-slider-88864a17" class="wp-block-themeisle-blocks-slider glide" data-per-view="1" data-gap="0" data-peek="0" data-autoplay="true" data-height="40%" data-hide-arrows="false" data-transition="ease-in"><div class="glide__track" data-glide-el="track"><div class="glide__slides"><div class="wp-block-themeisle-blocks-slider-item-wrapper glide__slide" tabindex="0"><figure><img decoding="async" class="wp-block-themeisle-blocks-slider-item" src="http://eos-connect.fr/wp-content/uploads/2024/05/20221007_094621-scaled.jpg" alt="" title="" data-id="126"/></figure></div><div class="wp-block-themeisle-blocks-slider-item-wrapper glide__slide" tabindex="0"><figure><img decoding="async" class="wp-block-themeisle-blocks-slider-item" src="http://eos-connect.fr/wp-content/uploads/2024/05/20240419_143650-1-scaled.jpg" alt="" title="" data-id="128"/></figure></div><div class="wp-block-themeisle-blocks-slider-item-wrapper glide__slide" tabindex="0"><figure><img decoding="async" class="wp-block-themeisle-blocks-slider-item" src="http://eos-connect.fr/wp-content/uploads/2024/05/20240311_113955-scaled.jpg" alt="" title="" data-id="130"/></figure></div></div><div class="glide__bullets" data-glide-el="controls[nav]"><button class="glide__bullet" data-glide-dir="=0"></button><button class="glide__bullet" data-glide-dir="=1"></button><button class="glide__bullet" data-glide-dir="=2"></button></div></div></div>

<p>La technicité et les compétences des nos intervenants est importante, mais leurs engagement en matière de sécurité est primordiale. Nous nous engageons a former 100% de notre effectif: Nos intervenants ont les habilitations et formations spécifiques suivantes :</p>
